 + 14*x + 1668. Calculate p(26).
4
Let l(j) = -3*j**2 - 35*j - 46. Calculate l(-10).
4
Let d(i) = 24*i - 108. What is d(11)?
156
Let f(y) = 24*y**2 - 383*y - 9. What is f(0)?
-9
Let k(r) = -6*r + 35. Calculate k(-8).
83
Let k(q) = -q**3 - 41*q**2 - 267*q - 29. Calculate k(-33).
70
Let i(s) = 431*s - 160. Determine i(-1).
-591
Let b(f) = 25*f - 666. What is b(26)?
-16
Let f(z) = z**3 - 30*z**2 + 232*z - 114. Give f(15).
-9
Let k(t) = 426*t + 3927. Determine k(-9).
93
Let l(b) = 5*b**2 - 287*b + 97. Calculate l(57).
-17
Let h(y) = 58*y - 366. Determine h(6).
-18
Let r(j) = j**3 + 5*j**2 + 6*j + 142. Calculate r(-7).
2
Let i(a) = -20*a**3 + 120*a**2 - 8*a + 30. Give i(6).
-18
Let p(w) = w**3 + 23*w**2 - 137*w + 1053. Calculate p(-29).
-20
Let w(f) = 321*f + 553. What is w(-3)?
-410
Let r(j) = j**2 - 38*j - 56. Calculate r(33).
-221
Let w(c) = -16*c - 207. Give w(-6).
-111
Let l(v) = -v**3 + 5*v**2 + 88*v - 25. What is l(-7)?
-53
Let r(q) = -q**3 - 25*q**2 + 5*q - 3. Give r(-25).
-128
Let j(l) = 61*l + 1372. What is j(-24)?
-92
Let j(a) = a**3 - 17*a**2 + 34*a - 48. Give j(15).
12
Let f(u) = 19*u + 1767. Calculate f(-94).
-19
Let b(f) = 11*f + 384. Give b(-38).
-34
Let v(f) = 5*f**2 - 144*f - 733. Give v(-5).
112
Let l(s) = 96*s - 786. Give l(8).
-18
Let d(t) = -310*t - 79708. Determine d(-257).
-38
Let u(z) = -31*z**2 + 417*z + 252. Calculate u(14).
14
Let w(g) = -15*g**2 + 110*g - 62. Calculate w(7).
-27
Let z(q) = 168*q - 58. Give z(0).
-58
Let i(f) = -f**2 - 909*f + 4575. Give i(5).
5
Let q(d) = -582*d - 13959. Determine q(-24).
9
Let c(w) = -3*w**2 - 54*w - 351. Determine c(-17).
-300
Let n(a) = 64*a + 1361. Determine n(-21).
17
Let k(r) = -2*r**3 + 72*r**2 + 66*r + 292. Determine k(37).
-4
Let h(g) = g**3 - 28*g**2 + 24*g + 210. Determine h(27).
129
Let s(d) = d**2 + 8*d - 1454. Determine s(-41).
-101
Let t(m) = m**2 + 22*m - 136. Give t(0).
-136
Let r(d) = 246*d**2 + 505*d + 4. Calculate r(-2).
-22
Let d(s) = -s**3 + 10*s**2 - 7*s. Determine d(9).
18
Let y(j) = j**3 + 17*j**2 + 22*j - 12. Calculate y(-16).
-108
Let d(v) = -31*v**2 + 274*v - 202. Determine d(8).
6
Let b(o) = 645*o + 2067. Determine b(-4).
-513
Let t(g) = -3*g**2 - 150*g - 795. Calculate t(-44).
-3
Let p(g) = 3*g**3 + 16*g**2 + 13*g + 18. Give p(-5).
-22
Let f(m) = -m**3 + 39*m - 77. What is f(5)?
-7
Let s(y) = 5*y**2 + 131*y + 132. What is s(-1)?
6
Let j(r) = 62*r - 5395. Give j(87).
-1
Let i(o) = -73*o**2 + 170*o - 7. Determine i(2).
41
Let v(g) = 4*g - 46. Determine v(12).
2
Let v(f) = -f**2 - 9*f - 5. What is v(-11)?
-27
Let x(o) = o**3 - 15*o**2 + 26*o + 25. What is x(13)?
25
Let d(u) = 9*u**3 + 3*u**2 + 2*u. What is d(-1)?
-8
Let o(p) = 18*p**2 + 174*p - 8. Determine o(-7).
-344
Let g(v) = -865*v - 43255. Determine g(-50).
-5
Let a(i) = 732*i + 5125. Determine a(-7).
1
Let w(p) = -4268*p + 2. Determine w(0).
2
Let t(u) = 215*u - 1906. Determine t(9).
29
Let j(t) = -t**2 + 22*t - 54. Calculate j(19).
3
Let c(h) = -17*h - 476. Determine c(-27).
-17
Let t(y) = y**3 + 5*y**2 - 336*y - 25. Calculate t(-21).
-25
Let z(l) = -123*l + 388. Determine z(3).
19
Let i(t) = -408*t + 828. Calculate i(2).
12
Let p(q) = -28*q + 634. Determine p(23).
-10
Let j(w) = -w**3 - 14*w**2 + 3*w + 76. What is j(-14)?
34
Let n(f) = 3*f**2 - 68*f + 317. Calculate n(22).
273
Let q(p) = 6*p + 83. Give q(-7).
41
Let f(a) = 28*a**3 - 196*a**2 - 11*a + 81. Determine f(7).
4
Let q(g) = -9*g**2 - 232*g + 15. Determine q(-26).
-37
Let s(c) = c**3 + 14*c**2 + 50*c + 41. Give s(-12).
-271
Let r(i) = -4*i**2 + 76*i + 105. Give r(20).
25
Let i(c) = -12700*c + 63499. Calculate i(5).
-1
Let x(w) = -17*w**2 + 77*w - 17. Determine x(5).
-57
Let v(d) = 2*d**2 - 467*d + 9496. Calculate v(211).
1
Let u(n) = -2*n**2 + 87*n - 239. What is u(40)?
41
Let l(w) = -6*w + 222. What is l(31)?
36
Let k(f) = -803*f - 394. Calculate k(-1).
409
Let o(n) = n**3 + 3*n**2 + 8*n + 3. Determine o(-3).
-21
Let h(y) = 190*y + 559. Determine h(-3).
-11
Let j(l) = -4*l**2 + 21*l + 254. Calculate j(-7).
-89
Let a(v) = 296*v - 84652. What is a(286)?
4
Let v(k) = -3*k**2 - 169*k - 235. Give v(-55).
-15
Let m(w) = -6*w + 70. What is m(7)?
28
Let o(a) = 20*a + 649. What is o(-40)?
-151
Let p(o) = -2*o**2 + 19*o - 35. Give p(6).
7
Let o(z) = 123*z - 1820. Calculate o(15).
25
Let d(j) = 2*j**3 - 2*j**2 + 4*j - 11. Determine d(4).
101
Let r(g) = -5*g + 44. Calculate r(13).
-21
Let h(l) = l**3 + 15*l**2 + l - 480. What is h(-12)?
-60
Let h(l) = -4*l + 89. What is h(-8)?
121
Let b(x) = -49*x**2 + 74*x + 153. Calculate b(-2).
-191
Let a(z) = 22*z + 2. Determine a(-9).
-196
Let v(t) = -52*t - 20. Give v(-2).
84
Let r(v) = 4*v**3 - 7*v**2 - 94*v - 33. Give r(6).
15
Let c(d) = -d - 369. Give c(20).
-389
Let f(d) = d**3 + 109*d**2 - 452*d - 8. Determine f(4).
-8
Let k(t) = 7*t**3 - 38*t**2 + 18*t - 14. Determine k(5).
1
Let t(h) = 3*h**2 + 271*h + 4899. Calculate t(-25).
-1
Let a(n) = -580*n - 2321. Determine a(-4).
-1
Let o(z) = -142*z - 31251. Give o(-220).
-11
Let q(g) = -2117*g - 55049. Give q(-26).
-7
Let c(u) = -59*u + 965. Give c(19).
-156
Let z(l) = -151*l + 287. Calculate z(2).
-15
Let b(c) = -531*c - 206565. What is b(-389)?
-6
Let p(d) = d**3 + 381*d**2 + 2616*d - 741. Give p(-374).
7
Let d(g) = g**2 - 56*g - 12. Calculate d(64).
500
Let q(c) = -c**3 + 11*c**2 - 22*c + 406. Determine q(12).
-2
Let m(o) = o**3 + 161*o**2 - 188*o - 4242. Calculate m(-162).
-30
Let p(r) = 782*r - 5144. What is p(7)?
330
Let k(f) = -29*f**3 + 11*f**2 - 23*f + 59. Determine k(3).
-694
Let i(j) = -11*j + 136. What is i(9)?
37
Let w(x) = 2*x**2 - 15*x - 142. Calculate w(-9).
155
Let q(w) = 70*w - 3636. Calculate q(52).
4
Let g(q) = -48*q + 205. What is g(9)?
-227
Let u(r) = 316*r + 4. Determine u(1).
320
Let h(q) = -2*q**2 + 5*q + 71. Determine h(-7).
-62
Let u(x) = -x**3 - 7*x**2 - 3*x - 64. Determine u(-8).
24
Let v(a) = a**2 - a - 7. What is v(6)?
23
Let v(o) = 128*o - 8444. What is v(66)?
4
Let l(w) = -w**3 - 74*w**2 - 152*w - 589. Determine l(-72).
-13
Let d(q) = -q**3 + 12*q**2 + 35*q - 292. Give d(13).
-6
Let w(q) = -q**2 + 29*q + 228. Give w(-16).
-492
Let k(a) = -a**3 - 54*a**2 + 57*a + 107. What is k(-55)?
-3
Let k(v) = 122*v - 1031. Give k(9).
67
Let r(p) = -16*p - 123. Give r(-9).
21
Let d(w) = 131*w - 4029. Calculate d(32).
163
Let v(r) = 16*r - 403. Determine v(26).
13
Let q(y) = -y**3 - 81*y**2 - 145*y + 1094. Determine q(-79).
67
Let g(w) = -4*w**3 - 29*w**2 - 36*w - 39. Give g(-6).
-3
Let q(t) = 2*t**2 - 14*t + 22. Determine q(7).
22
Let v(g) = -2*g**2 - 215*g - 5713. Calculate v(-49).
20
Let d(j) = 3*j**3 - 53*j**2 + 31*j + 37. Determine d(17).
-14
Let q(y) = -y**3 + 29*y**2 - 132*y - 31. What is q(7)?
123
Let h(y) = y**2 + 79*y + 273. Determine h(-74).
-97
Let k(t) = t**2 - 21*t + 113. What is k(16)?
33
Let i(u) = -4*u**2 - 16*u + 154. Determine i(-7).
70
Let a(j) = j**2 + 155*j - 309. Determine a(2).
5
Let t(z) = -2*z**3 + 52*z**2 - 175*z + 7. Determine t(4).
11
Let z(t) = 3*t**2 - 46*t + 86. Calculate z(2).
6
Let j(q) = -3*q**2 - 6*q - 17. Determine j(0).
-17
Let o(h) = h**3 - 31*h**2 + 65*h - 17. Calculate o(29).
186
Let o(b) = -3*b**2 + 28*b + 26. Give o(6).
86
Let p(g) = 12*g + 656. Give p(-47).
92
Let v(u) = -2*u - 83. Give v(0).
-83
Let w(a) = -a**3 - 8*a**2 - 20*a - 95. Calculate w(-6).
-47
Let s(z) = 112*z + 730. What is s(-7)?
-54
Let o(a) = -98*a**3 - a**2 + 5*a - 5. What is o(1)?
-99
Let k(l) = -l**3 - 101*l**2 + 978*l - 1335. Give k(-110).
-15
Let k(p) = p**2 - 2*p - 446. Give k(22).
-6
Let l(y) = -y**3 - 31*y**2 + 65*y + 47. Determine l(-33).
80
Let m(r) = -21*r**2 + 4872*r - 1. Determine m(232).
-1
Let h(a) = a**3 + 7*a**2 - 13*a - 57. What is h(-7)?
34
Let r(a) = -a**3 + 14*a**2 + 16*a - 10. Calculate r(15).
5
Let j(c) = -773*c + 1253. Determine j(2).
-293
Let o(k) = -3975*k - 23853. Determine o(-6).
-3
Let u(a) = -a**3 - 33*a**2 + 67*a - 55. Give u(-35).
50
Let w(z) = -95*z - 5. Give w(-2).
185
Let u(q) = -9*q**3 + 10*q**2 + 18*q - 27. Calculate u(1).
-8
Let n(k) = k**3 + 39*k**2 - 88*k - 249. What is n(-41)?
-3
Let c(p) = 2*p**2 - 28*p + 47. Determine c(12).
-1
Let m(s) = -s**3 - 3*s**2 - 2. Calculate m(-3).
-2
Let v(h) = -h**3 - 10*h**2 + 2*h - 20. Give v(-9).
-119
Let s(j) = j**3 + 4*j**2 - 34*j - 10. Give s(-8).
6
Let o(s